culate the greatest common divisor of n and 24.
12
Let v(l) = 2*l - 2. Let a be v(3). Let u = -61 + 105. Calculate the highest common factor of a and u.
4
Let m(w) = w**2 + 8*w + 5. Let u be m(-5). Let j be (u/3)/((-6)/9). Suppose 3*l - 6 = -3*v - 0*l, 0 = -j*l. What is the highest common factor of 2 and v?
2
Suppose w = -3*w - 28. Let b be -44*(-4)/((-8)/w). What is the highest common divisor of 14 and b?
14
Let k = -4 + 30. Suppose 2*c - 4*l = 16, -k = -5*c + l + 2*l. Let f(o) = o**3 - 7*o**2 + 8. Let r be f(7). What is the highest common factor of r and c?
4
Let i = 1 + -2. Let m be ((-33)/12)/(i/8). Suppose -3*t = -4*t + m. Calculate the highest common factor of t and 2.
2
Let i(v) = 2*v**3 - 2*v**2 + 3*v - 4. Let y be i(2). Calculate the greatest common factor of 30 and y.
10
Suppose 5*y + 97 = -2*a + 5*a, -62 = -3*a - 2*y. What is the highest common divisor of 3 and a?
3
Suppose 100 = v - 0. What is the highest common divisor of v and 25?
25
Let a be (-2 - 1)/(9/(-12)). What is the greatest common divisor of a and 2?
2
Suppose 4*v + 36 - 116 = 0. What is the greatest common divisor of 80 and v?
20
Suppose -2*m - n = -27, 0 = -0*m + m + 2*n - 12. Suppose -2*h - 3*x = -208, -9 - 183 = -2*h + x. Calculate the highest common factor of h and m.
14
Let x(q) = q**3 - 3 + 2*q + 2 + q**2 + 5*q**2. Let n be x(-5). Let j(t) = -t**2 - 8*t + 6. Let i be j(-5). What is the greatest common factor of n and i?
7
Let g be ((-5)/(-2))/((-3)/(-6)). Let b = -3 + g. Let h = 7 + b. What is the highest common factor of 54 and h?
9
Let t = 0 - 0. Suppose t = -0*h - h - 5, -f = -2*h - 15. Suppose 0 = f*v - 3 - 322. Calculate the greatest common divisor of 26 and v.
13
Suppose 0*j = -5*j + 145. Suppose 3*k - 2*v = -2*k + 10, 0 = 4*v - 20. Suppose n = 2*n + o - 41, -n + j = k*o. What is the highest common factor of 5 and n?
5
Let x = -37 + 40. What is the highest common factor of x and 9?
3
Suppose -3*m + 20 = 2*m. Let r be (-1)/(-1)*9*m. Let f(c) = -8*c. Let a be f(-3). What is the highest common factor of r and a?
12
Let c = 1156 + -782. What is the greatest common factor of 34 and c?
34
Let i = -67 + 103. Calculate the greatest common divisor of 18 and i.
18
Let c be -65*(-3 - (-10)/5). Calculate the highest common divisor of c and 26.
13
Let u be -5 + ((-600)/5)/(-2). What is the highest common factor of u and 22?
11
Suppose -n = 2*n - 150. Let m = 70 - n. Calculate the highest common factor of 4 and m.
4
Suppose -2*d = 3*d - g - 6, 5 = 4*d - g. Let s be (d/(-2))/((-2)/108). Calculate the highest common factor of s and 3.
3
Let t(w) = w**2 + 2*w + 7. Let s be (-4)/(2*3/(-9)). Let h be t(s). What is the greatest common divisor of h and 5?
5
Suppose -7*s + 12 = -3*s - 5*u, -4*u + 6 = 2*s. Let r(l) = -l**3 + 5*l**2 - 5*l + 6. Let t be r(4). Calculate the highest common factor of s and t.
1
Let a = 11 - 6. Suppose 2*p + 7 = g - 2*p, -3*g = -a*p - 35. Let i(h) = 9*h**2 - 4*h + 5. Let q be i(-4). Calculate the greatest common factor of q and g.
15
Suppose -40 = -6*h - 22. What is the highest common factor of h and 1?
1
Let z(y) = 18*y**2 + y + 2. Let o be z(-1). Let q = 3 + -5. Let b be q/(8/22)*-38. Calculate the greatest common divisor of b and o.
19
Let c = 57 + -36. Calculate the greatest common factor of c and 7.
7
Let w(b) = -3*b + 3. Let v be w(3). Let u(t) = -t**2 - 13*t - 15. Let y be u(-11). Let f = v + y. Calculate the highest common divisor of 1 and f.
1
Let o(i) = i**3 - 9*i**2 + 7*i + 11. Let x be o(8). Let b be 20*x/18*3. Let f(z) = -3*z - 5. Let y be f(-5). Calculate the highest common divisor of y and b.
10
Let p = -24 + -26. Let l = 6 - p. What is the greatest common factor of 7 and l?
7
Suppose 0 = -4*j - 2*b + 150, -2*b = 3*b - 25. Let z(p) = 4*p + 29. Let t be z(-6). Calculate the greatest common divisor of j and t.
5
Suppose 0*a = 3*a + 48. Suppose p + 107 = 3*y - 0*p, -4*y + 140 = -2*p. Let o = a + y. What is the highest common divisor of o and 14?
7
Let b(v) = v**2 - 8*v + 2. Let m be b(4). Let g(s) = s + 19. Let j be g(m). What is the highest common divisor of j and 35?
5
Suppose -2*k - 1 = -9. What is the highest common factor of 2 and k?
2
Let t = 47 - 31. Suppose 5*d = d + t. Suppose -d*x + 0*l + 21 = l, 5*x + 5*l - 30 = 0. Calculate the greatest common factor of x and 2.
1
Let t be 394/3 + 8/12. Calculate the highest common factor of t and 12.
12
Let f(g) = -13*g + 1. Let r(p) = -p. Let j(z) = f(z) + 4*r(z). Let t be j(-2). Calculate the highest common factor of t and 5.
5
Let l = -10 - -19. Suppose 2*t = -5*s + 15, -5*s - 6 = -2*t - 1. Calculate the greatest common factor of l and s.
1
Suppose 3*s + 15 = -2*o + 5*o, -2*o + 4*s = 0. Let u(z) = z**2 - 3*z - 30. Let n be u(13). What is the highest common factor of o and n?
10
Let j(l) = l**2 + 2*l. Let q be 3/1*(0 + -1). Let r be j(q). Suppose r*c - 9 = 0, 3*i - 2*c - 12 = -0*i. Calculate the highest common factor of 42 and i.
6
Let g = 8 - 6. Let f(t) = -3 + t**2 - g + 0 + 1 - 2*t. Let z be f(6). What is the greatest common divisor of 8 and z?
4
Let x(p) = p**3 + 5*p**2 - 4*p + 8. Let a be x(-6). Let m be (7/(-2))/(a/88). What is the highest common divisor of m and 11?
11
Let a be (27/(-2))/(22/(-8) + 2). Suppose 2*m + 2 - 6 = 0. Suppose m*w + 16 = 3*h, h = -h + 4*w + 24. What is the greatest common divisor of h and a?
2
Let s = 2 - 4. Let j be (2*6)/((-3)/s). Calculate the highest common factor of 8 and j.
8
Suppose -26*y = -22*y - 40. What is the greatest common factor of 70 and y?
10
Suppose 4*s - 293 = -3*c, -2*s - 299 = -c - 2*c. Calculate the greatest common factor of c and 9.
9
Let i = -13 - -41. What is the greatest common divisor of i and 42?
14
Let p(v) = -v**3 + 4*v**2 - 3*v + 2. Let j be p(2). Suppose -j*t + 495 = 3*u, -2*u - t = -521 + 196. Calculate the greatest common divisor of 23 and u.
23
Let y be (-3)/1 + 6/(-9)*-108. What is the highest common factor of 46 and y?
23
Let s = 37 - -10. Suppose -5*d - 2 = -s. Suppose -u - 2*u + 18 = 0. Calculate the highest common divisor of d and u.
3
Let l(w) = -2*w - 6. Let j be l(-15). What is the highest common divisor of j and 8?
8
Suppose -2*w - 4 + 29 = 5*a, 2*a + 4*w = -6. What is the greatest common factor of 21 and a?
7
Let k be 1*(0 - -2) + 2. Let z = k - 2. Let o = -35 + 51. What is the highest common factor of z and o?
2
Let o(x) = -x + 8. Let a be o(6). Let p = 0 + a. What is the greatest common divisor of 8 and p?
2
Let d be (-1128)/(-18) + 12/9. Calculate the greatest common factor of d and 16.
16
Suppose 5*x - 4*a = -10, 0 = -0*a - 5*a. Suppose -b - 138 = 3*f, -f - f - 100 = -2*b. Let t = x - f. What is the greatest common factor of t and 9?
9
Let y(b) = b**2 - 9*b + 9. Let z be y(8). Let o be (3 - (z - -3))*-5. What is the highest common factor of 2 and o?
1
Suppose 1 - 9 = -2*c, 3*y = -2*c + 38. Suppose 0 = -4*u + 2*b + 74, 2*u = -4*b + 77 - 25. Calculate the highest common factor of u and y.
10
Let g = -45 - -140. Let p = 65 - g. Let w be (18/15)/((-1)/p). Calculate the highest common divisor of w and 12.
12
Let v = 442 + -842. Let x be 0 + (-2 + v)/(-2). Suppose -4*c + x + 15 = 0. Calculate the greatest common divisor of 6 and c.
6
Suppose 2*c - 62 = 4*p - 172, -3*p - c + 75 = 0. What is the highest common divisor of 39 and p?
13
Let d = -22 - -16. Let u be 8/4 - (d + 0). What is the greatest common divisor of u and 56?
8
Let u be -8*((-627)/(-6))/(-11). Calculate the highest common factor of u and 4.
4
Let c be 48/56*((-27)/(-3) + -2). Calculate the highest common divisor of c and 15.
3
Let j = -71 + 100. Suppose -3*b = -99 - 120. Let o = b - j. Calculate the highest common divisor of o and 11.
11
Suppose -2*n + 77 = 17. Suppose -1335 = -11*b + 1635. Calculate the greatest common factor of n and b.
30
Suppose -58 = -2*q + 4*f, q - 5*f + 6*f = 23. Let j = -4 + q. Calculate the highest common factor of 7 and j.
7
Let x = 142 - 130. What is the highest common factor of 16 and x?
4
Suppose 5*u = -4*l + 81, 99 = 4*l + 2*u - 3*u. What is the greatest common factor of l and 12?
12
Let m = 22 + -12. What is the greatest common divisor of m and 50?
10
Let z(x) = -x + 1. Let i(d) = 2*d**2 + 8*d - 2. Let l(h) = i(h) + z(h). Let p be l(5). Calculate the highest common divisor of 12 and p.
12
Suppose 3*g = g + 8, -3*p + 80 =